 and 26?
26
Suppose 0 = -3*b + 152 - 920. Suppose -10553 + 3583 = 41*z. Let u = z - b. What is the highest common factor of 43 and u?
43
Suppose 4*c - 2*q - 97 = 181, -149 = -2*c - q. Let a = -57 + c. What is the greatest common factor of 5 and a?
5
Let x(h) = -9*h**2 + 45*h + 14. Let d be x(4). Let n be (-4)/18 + 245/9. Suppose 0 = 11*m - n - d. Calculate the greatest common divisor of m and 7.
7
Let b = -4067 - -4116. What is the highest common divisor of b and 28?
7
Let m = 5 - -439. Calculate the highest common divisor of m and 132.
12
Let j(y) = -y + 22. Let z be j(19). Suppose -z*s - 43 = -49. Suppose -s*n = 4*n - 96. What is the greatest common divisor of 24 and n?
8
Suppose -600 = -4*a + 4*z, -60*a + 56*a - 3*z + 614 = 0. What is the highest common divisor of a and 931?
19
Suppose 0 = 4*p - 72 + 8. Suppose l - 2*r - 2*r - p = 0, 3*r = -6. Let c be -1 + l + -1*(0 - 3). Calculate the greatest common divisor of 130 and c.
10
Let c = 45402 + -45181. What is the highest common factor of 14807 and c?
221
Suppose 0 = 2*h - 4, 5*h - 6 = -2*l - 14. Let g = l - -29. Let q be 5/(-6) - (-1400)/240. What is the greatest common divisor of g and q?
5
Let o(z) = z**3 + 27*z**2 - 52*z + 68. Let b be o(-29). Let g = b + 109. What is the highest common factor of g and 111?
3
Suppose c - 5*h + 5 - 12 = 0, -c - 4*h + 34 = 0. What is the greatest common factor of c and 66?
22
Let y(b) = b**3 + 12*b**2 + 8*b + 25. Let c(s) = s**3 - 2*s**2 - 6*s. Let j be c(3). Let q be y(j). What is the greatest common factor of 7 and q?
7
Let f(b) = -b**2 + 11*b + 1384. Let j be f(41). What is the greatest common factor of j and 51898?
154
Let t(k) be the first derivative of k**3/3 - 5*k**2 - 32*k + 174. Let x be t(-4). Calculate the highest common divisor of 408 and x.
24
Suppose 23060 = 4*o + v, -5*o + 18*v + 28827 = 19*v. Calculate the highest common factor of o and 73.
73
Let h = -17 + 21. Suppose 2*l + d = -44 + 113, 3*d - 137 = -h*l. Suppose -4*f - 10 = v + f, -9 = -3*v - 2*f. Calculate the greatest common factor of v and l.
5
Suppose 191 = 3*q - 550. Suppose -11*r + 15*r - 4 = 0, -r + 115 = 3*s. Calculate the highest common factor of s and q.
19
Let w = -53 + 233. Suppose h + w = 5*u - 4*h, -2*u - 4*h = -72. Let j(x) = -x**2 + 4. Let d be j(0). What is the greatest common factor of u and d?
4
Let o be (2/(-3) + 64/(-6))/(6/(-333)). What is the greatest common divisor of o and 74?
37
Suppose 368 = 67*v - 44*v. Let p(g) = -g + 640. Let j be p(0). Suppose -7*n = -2*n - j. What is the greatest common factor of n and v?
16
Suppose 6*c = -278 + 1856. Let f = -199 + c. Calculate the highest common divisor of f and 16.
16
Let a(o) = 2*o**2 + 6*o - 18. Suppose -12*n + 90 = -42. Let v be a(n). Calculate the greatest common factor of 58 and v.
58
Suppose 14*z - 23 - 5 = 0. Let c be (-8080)/(-100) + (-18)/(-15). What is the greatest common factor of c and z?
2
Suppose 18843 = 32*z - 28837. Suppose 5*w + 385 = z. What is the greatest common factor of 39 and w?
13
Let t(c) = 23*c**2 - 9*c - 2. Let r(n) = -22*n**2 + 8*n - 2. Let h(s) = -4*r(s) - 3*t(s). Let g be h(2). Calculate the greatest common divisor of 300 and g.
20
Let a = 452 - 448. Suppose -3*p + 70 = a*c, 3*c + 6*p - 10*p = 65. Calculate the highest common factor of 589 and c.
19
Suppose -31*o + 110 = -20*o. Suppose -o*a + 7*a = -4*c + 245, 25 = 5*a. Calculate the highest common divisor of c and 715.
65
Let x = -4218 + 4323. What is the highest common divisor of x and 3549?
21
Suppose 3*i + 3*j - 99 + 84 = 0, 4*j - 17 = -3*i. What is the highest common factor of i and 1689?
3
Suppose 3*y + 3 = -3*b, -3*b = -3*y + 11 + 16. Suppose y*p = -j + 24, 6*p = -4*j + 2*p + 84. What is the greatest common divisor of 10 and j?
10
Let i be -1 + -2 + 477 - (-119)/17. What is the greatest common factor of i and 74?
37
Suppose 413*r = 411*r + 1090. What is the highest common divisor of 5 and r?
5
Let f(c) = -49*c**3 + 6*c**2 + 10*c + 33. Let h be f(-4). Calculate the greatest common factor of 430 and h.
215
Suppose 3*t - 2699 - 4095 = -5*c, 5*t = 5*c + 11350. What is the greatest common factor of t and 28?
28
Let l be (-1)/(-1)*((-4)/(-2))/(-2). Let g be (21 - 152)/(-2*l/(-2)). Let a = g + -123. Calculate the greatest common factor of 72 and a.
8
Let w(b) = 3*b**3 + b**2 + 2*b - 6. Let a be w(3). Let r = a - 46. Calculate the highest common factor of r and 20.
4
Let q(w) = -2*w**3 - 68*w**2 - 61*w + 252. Let g be q(-33). What is the greatest common factor of g and 232?
29
Let f(o) = -2*o - 9. Let p be f(-12). Suppose 3*y - 1008 = -4*w, 22*y = -3*w + 18*y + 749. What is the greatest common divisor of w and p?
15
Let z(n) = 97*n**2 - 32*n + 7. Let f be z(7). Suppose 22*b + f = 30*b. Calculate the highest common factor of b and 7.
7
Suppose -23*r + 14*r + 90 = 0. Suppose 7*l - r*l + 1885 = -f, 0 = 2*l - f - 1258. Calculate the highest common factor of l and 57.
57
Let w = -44 - -44. Let x(j) = j**3 + 3*j**2 + j + 23. Let m be x(w). Suppose m = a - 11. What is the greatest common divisor of a and 170?
34
Suppose 2366 = 2*a + 104*k - 103*k, 0 = -5*a + k + 5922. What is the greatest common factor of 16 and a?
16
Let t = 289 - 55. Suppose 3*l - l - 3*n = 154, 3*l - 3*n - t = 0. What is the highest common divisor of l and 64?
16
Suppose -7174 = -21*o - 1567. Let r = o - 237. What is the highest common divisor of 240 and r?
30
Suppose 0 = -4*p + 2*v + 224, -102 = -2*p - 155*v + 151*v. What is the highest common divisor of p and 1595?
55
Suppose -232 = -22*u + 890. Calculate the highest common divisor of u and 221.
17
Let v be (2 - -1)/((-6)/(-20)). Suppose -v*f = -0*f - 3410. What is the highest common divisor of f and 11?
11
Suppose -4*i + 550 = -9*i. Let h = 2063 - 1949. Let c = h + i. Calculate the greatest common factor of c and 10.
2
Suppose 5*l - 85 = -6*s + s, 4*l = 2*s - 64. Suppose 0*v + 136 = 4*v - 3*q, 4 = q. Let o = v - s. What is the greatest common factor of o and 165?
15
Suppose 3*c - 2*v + v - 554 = 0, -5*c + 912 = 4*v. Let p = c + -158. Calculate the greatest common divisor of 91 and p.
13
Suppose 61*h = 24333 - 2373. Calculate the greatest common divisor of 600 and h.
120
Let r(v) = -v**3 + 7*v**2 + 5*v - 2. Let b be r(6). Let j(d) = 251*d - 8716. Let t be j(36). Calculate the greatest common factor of b and t.
64
Let i(b) = -10995*b - 211. Let u be i(-1). Calculate the greatest common divisor of u and 32.
32
Suppose -55*s + 30*s + 46002 = 57*s. What is the greatest common factor of 341 and s?
11
Let j = 7925 + -5603. Calculate the highest common divisor of j and 172.
86
Suppose 3*n - 84 = 69. Let g be (0 - (-1 + 4))*-1. Suppose -j + f + 13 + 10 = 0, 0 = 2*j - g*f - n. Calculate the greatest common factor of 12 and j.
6
Suppose 92 = -8*a + 298 + 570. What is the greatest common divisor of 33659 and a?
97
Let m = -603 + 611. Suppose 2326 = m*v - 1546. Calculate the highest common divisor of v and 44.
44
Let g = -465 - -556. Suppose g*z + 3520 = 107*z. Suppose 2*w - w - 20 = 0. Calculate the greatest common divisor of w and z.
20
Suppose 22 = -64*d + 75*d. What is the greatest common factor of 386 and d?
2
Let i = -11299 - -19075. What is the highest common divisor of 64 and i?
32
Let s = 35 - -105. Let p be ((-8)/(-14))/(40/s). Suppose -4*g + 0*g = 4*n - 992, p*g = -3*n + 749. Calculate the greatest common divisor of 23 and n.
23
Let p = -216 + 222. Suppose 5*n = -20, -4*q - 3*n + p*n = -468. What is the greatest common factor of 152 and q?
38
Suppose 154 = -6*u - 188. Let y = 157 + u. What is the greatest common factor of 20 and y?
20
Let v(l) = -l**3 + 14*l**2 + 35*l + 14. Let s be v(16). Suppose -70 = -2*f - 2*k, 2*f - s = -10*k + 6*k. What is the highest common divisor of 6 and f?
3
Let s be 805/(-46)*(39/52 - (-37)/(-28)). Suppose -3*q + 107 = -133. What is the greatest common divisor of s and q?
10
Suppose 246*l - 1448 = 214*l + 1240. What is the greatest common divisor of 728 and l?
28
Suppose -182325 - 87275 = -20*u - 63440. What is the highest common factor of u and 12?
12
Let p = -859 - -2362. What is the highest common factor of 9 and p?
9
Let v(n) = n**3 - 6*n**2 + 2*n + 64. Let s be v(5). Calculate the greatest common factor of 2401 and s.
49
Suppose 43 = -3*r + 2*r - 4*n, 35 = -r + 4*n. Let a = r - -44. Suppose